-18)/(-5). Suppose 0 = 2*h - 5*n - 1189, -i*n + 2890 = 6*h - h. List the prime factors of h.
2, 3, 97
Let t(b) = -b**3 + 34*b**2 + 485*b - 75. List the prime factors of t(40).
5, 389
Let x = 100 - 146. What are the prime factors of -524*(x/(-8) - 6)?
131
Suppose 113*b = -127*b + 65*b + 794850. List the prime factors of b.
2, 3, 757
Suppose -4*d = -r - 1, -3 = -d + 4*r + 1. Suppose -4*j - 12 = 0, -f + 5*j = -d*f - 22. Let g(w) = -w**2 + 10*w - 6. List the prime factors of g(f).
3, 5
Suppose 11*y = 16*y - 85. Suppose y*s - 5966 = -2*s. List the prime factors of s.
2, 157
Let g(z) = -4*z + 26. Let p be g(10). Let v be 8/(-28) - 144/p. Suppose 234 = v*l - 7*l. What are the prime factors of l?
2, 3, 13
List the prime factors of (-387693)/(-207) - (-18)/207.
1873
Let q(b) = -13*b**2 - b + 8334. List the prime factors of q(0).
2, 3, 463
Let i be (-208)/2 - (-1 + (3 - 1)). Let u = i - -191. Suppose u = t - 3*p, -4*t + 146 + 237 = p. List the prime factors of t.
5, 19
Let l be (-2)/17 - (-1)/((-68)/(-144)). Suppose -3*p + 3*t + 2964 = 0, -2 = l*t - 3*t. What are the prime factors of p?
2, 3, 5, 11
Let n = 2175 - 3301. Let k = 2557 + n. What are the prime factors of k?
3, 53
Let a(d) = d + 24. Let m be a(-7). Let x = 19 - m. Suppose x*i - 169 = -19. What are the prime factors of i?
3, 5
Suppose 0 = -4*w - 3*h + 100922 + 69678, 5*w = -3*h + 213253. List the prime factors of w.
13, 17, 193
Suppose -j + 18991 = 3*s, -20*j = -4*s - 25*j + 25314. List the prime factors of s.
13, 487
Let s = -2868 + 37450. What are the prime factors of s?
2, 17291
Let w(n) = -18 - 32 + 10 - 75*n - 44. What are the prime factors of w(-13)?
3, 11
Let k = -181 + 195. What are the prime factors of (-2141)/(-5) + k/(-70)?
2, 107
List the prime factors of (-15293)/(2/((-120)/84) + 2/5).
41, 373
Suppose 5891 = -233*w + 115091 - 11340. List the prime factors of w.
2, 3, 5, 7
Let a be 5/((-6 - -4)/(-5086)). Let q be a/(-55) - 0 - (-4)/22. Let z = 366 + q. What are the prime factors of z?
3, 5
Let k(w) = -w. Let q be k(-12). Suppose -s + 4*s = 117. Let v = s + q. List the prime factors of v.
3, 17
Let x(j) = 4*j - 83. Let d be x(23). List the prime factors of 3/d*3 + 630/9.
71
Suppose -4*p - k = 37, 2*k - 32 = 4*p - 2*k. Let d = 69 + -10. Let f = p + d. What are the prime factors of f?
2, 5
Let n = 111 - 105. Suppose -2*u + 5*b - 404 = -n*u, -2*u - 2*b = -202. Suppose -2*t = i - 169, 525 + u = 4*i - 2*t. What are the prime factors of i?
3, 53
Let a(p) = -p**3 - 51*p**2 - 2*p + 5854. What are the prime factors of a(0)?
2, 2927
Let k(w) = -161*w + 602. What are the prime factors of k(-4)?
2, 7, 89
Suppose 21712 = -21*j + 164680. What are the prime factors of j?
2, 23, 37
Let t(m) be the third derivative of -m**6/120 + m**5/4 - 5*m**4/6 + 7*m**3/6 + 95*m**2. List the prime factors of t(12).
199
What are the prime factors of (-222672)/(-20) + 40/100?
2, 19, 293
Let o(t) be the third derivative of -t**4/8 - 7*t**3/3 + 19*t**2. Let b be o(-5). What are the prime factors of (-42)/(-1) + (3 - b)?
2, 11
Suppose -45*t + 10959 + 98344 = -118082. What are the prime factors of t?
31, 163
Let p be (-21)/(-14) - 19755/10. List the prime factors of ((-1)/2)/(3/p).
7, 47
Let k be 25 - 0*3/9. Let h(d) = 2*d**2 - 4*d + 3. Let p be h(2). Suppose -l - p = -k. What are the prime factors of l?
2, 11
Suppose 2383*x - 2398*x = -91980. List the prime factors of x.
2, 3, 7, 73
Let j = -24 + 208. Suppose -5*z + j = 3*z. Suppose -r + z = u, r - 3*r = 0. What are the prime factors of u?
23
What are the prime factors of (-1727460)/(-85) + ((-69)/(-51))/(-23)?
20323
Suppose 4*k - 6216 = 3*z - 664, -5*z = 5*k - 6975. What are the prime factors of k?
13, 107
Let a be 137 + 4 + (2 - 7). Suppose 4*z + 0*z = a. List the prime factors of z.
2, 17
Let a = 76 - 77. Let g be (1 - a) + (-7 - -139). Suppose 0 = u + 2*i - 144, 4*i - g = -u - 0*u. What are the prime factors of u?
2, 7, 11
Let a = -24 - -9. Let z(t) be the third derivative of -t**5/60 - 5*t**4/6 - 2*t**3 + 19*t**2 + 4*t. List the prime factors of z(a).
3, 7
Let w = -98 + 102. Suppose -2*v - 276 = -2*b + b, -v = -w*b + 1118. What are the prime factors of (4/(-5))/((-1)/b)?
2, 7
Let x = 547 + -101. Let u = -2567 + 2396. Let b = u + x. List the prime factors of b.
5, 11
Suppose -p = -2*o, 2*p + 2*p - 2*o = 24. Let d(b) = b + 5*b - 22 + 3*b - 5*b. List the prime factors of d(p).
2, 5
Let r be 9/(-6) + 9/(-2). Let q be (19 + -20)/(1/r). What are the prime factors of (q/15)/((-8)/(-1360))?
2, 17
Suppose 19*i - 495 = -3*t + 21*i, 660 = 4*t - 4*i. List the prime factors of t.
3, 5, 11
Suppose b = 5*a - 4*a + 13, -1 = a. Let p(j) = -3*j - 15. Let k be p(-6). Suppose -k*h = h - b, -i = -4*h - 78. List the prime factors of i.
2, 3, 5
Suppose -22 = 33*m - 22. Let x(h) = -h**2 - 30*h + 955. List the prime factors of x(m).
5, 191
Suppose -z = 4*n + n - 11, 3*n = -z + 5. List the prime factors of 9 + z - 5 - -285.
3, 5, 19
Let u(i) = 4*i**2 - 84*i + 5. Let l be u(21). Suppose -4*a = 2*v + 11 - 143, -v - l*a + 60 = 0. What are the prime factors of v?
2, 5, 7
Suppose 5*u + a - 7265 = 0, 15*u - 18*u + 5*a + 4387 = 0. What are the prime factors of u?
2, 727
Suppose -5*r = 29*z - 34*z + 274300, -2*z + 5*r + 109720 = 0. List the prime factors of z.
2, 5, 13, 211
Let t(f) = 39*f**2 - 7*f - 6. Let i be t(-1). Let r(n) = 15*n + 2. Let p be r(-2). Let b = p + i. What are the prime factors of b?
2, 3
Suppose -7*g = 1448 + 1450. Let s be (g/4)/3*170/51. What are the prime factors of 184/s*(-230)/4?
2, 23
Suppose 26*t + 9*t = 49840. What are the prime factors of t?
2, 89
Suppose b - 191 = -189. Suppose -6 = -2*p + 2. Suppose -750 = -b*h - p*h. List the prime factors of h.
5
Let q = 13620 + -12578. List the prime factors of q.
2, 521
Let g(u) = -42*u**3 + 3*u + 2. Let y be g(-1). Let b = y + 412. List the prime factors of b.
3, 151
Let g = 67 - 62. Suppose 3*c - 228 = -2*u, -g*u - 2*c + 282 + 310 = 0. What are the prime factors of u?
2, 3, 5
Let g = 58265 - 38934. What are the prime factors of g?
13, 1487
Let k(w) = 333*w**2 + 97*w - 24. List the prime factors of k(-7).
2, 37, 211
Suppose 0 = -f - 4*q + 25, 4*f = -26*q + 27*q + 15. Suppose -4*k - 2*g = -2458, -3*k + 242 = -f*g - 1608. List the prime factors of k.
3, 5, 41
Suppose 2*k + 608038 = 4*c, 1023983 = -5*k - 5*c - 496187. What are the prime factors of -2 + (k/(-153) - (-2)/(-17))?
5, 397
Let z(k) = 525*k + 11. Let s be z(-2). Let a = 1895 + s. List the prime factors of a.
2, 107
Let v be 84/(-462) + (-656)/22. Let q = 193 + v. List the prime factors of q.
163
Let p(v) = 4021*v**3 - 6*v**2 + 21*v - 27. What are the prime factors of p(2)?
32159
Suppose 109 = -z + 706. Suppose z*d = 598*d - 321. List the prime factors of d.
3, 107
Suppose -99*a - 88*a + 977619 = 313395. What are the prime factors of a?
2, 3, 37
Let r(z) be the third derivative of 7*z**4/12 - z**3/3 + 8*z**2. Let h be (-15 + 16)/(1/5). List the prime factors of r(h).
2, 17
Let b(q) = -150*q + 884. What are the prime factors of b(0)?
2, 13, 17
Let h(d) = 58*d + 29. Let c = 266 + -258. What are the prime factors of h(c)?
17, 29
Let m be -3*(-12)/(-27) + 218/6. Suppose u + 13*r - 8*r - m = 0, 4*u - 232 = 3*r. What are the prime factors of u?
5, 11
Let d(m) = -m**2 - 163*m + 309. List the prime factors of d(-68).
7, 967
Let k = 697 + -466. List the prime factors of k*6/9 - (3 + -3).
2, 7, 11
Let s(y) = -15*y**2 + 5*y + 43. Let d be s(-11). Let p = -865 - d. What are the prime factors of p?
2, 13, 37
Suppose -3*h = -2*l - 14, -6*h - 3*l + 30 = -2*h. Suppose 2*v + w - 442 = 0, 0 = h*v - 5*v + w - 221. List the prime factors of v.
13, 17
What are the prime factors of 21385/1 + ((-30)/(-180) - 1/6)?
5, 7, 13, 47
Suppose -78*z + 421150 - 69604 = 0. List the prime factors of z.
4507
Let r be 9/(-6)*1580/(-15). Suppose -162*d + r*d + 6224 = 0. List the prime factors of d.
2, 389
What are the prime factors of (-1031 + 103)/(0 - 6/327)?
2, 29, 109
Let p be (3 - -143*2)*3. Let k = p + -604. What are the prime factors of k?
263
Let y(s) = s**2 + 10*s + 8. Suppose -4*c = -3*h + 10, -3*h - 7 = -1. Let q = c + -11. What are the prime factors of y(q)?
83
Let q(g) = 131*g**2 - 3*g + 89. List the prime factors of q(-11).
15973
Let d(t) = 2*t**3 - 20*t**2 - t - 9. Suppose c = 3*w + 21, 5*